{"id":411,"date":"2020-04-16T16:22:29","date_gmt":"2020-04-16T16:22:29","guid":{"rendered":"http:\/\/jfcwatches.com\/?page_id=411"},"modified":"2022-01-09T14:28:09","modified_gmt":"2022-01-09T14:28:09","slug":"unser-antrieb","status":"publish","type":"page","link":"https:\/\/jfcwatches.com\/?page_id=411","title":{"rendered":"Mein Antrieb"},"content":{"rendered":"\n<h2 class=\"has-text-align-center wp-block-heading\">Mein Antrieb &#8211; Keine Grenzen<\/h2>\n\n\n\n<h2 class=\"has-text-align-center wp-block-heading\">Wie&#8230;<\/h2>\n\n\n\n<p class=\"has-text-align-center\"><strong>soll eine Uhr konstruiert sein, welche Eigenschaften soll sie haben?<\/strong> <\/p>\n\n\n\n<p class=\"has-text-align-center\">Unterschiedliche Anforderungen und Bed\u00fcrfnisse, m\u00fcssen vom Uhrenhersteller optimal bedient werden. Es gibt Uhren die im Weltraum waren, andere Uhren werden f\u00fcr die Luftfahrt oder Taucheins\u00e4tze optimiert. Aber was ist bei der Vielzahl der Uhren nicht ver\u00e4nderbar? Die Farbkombinationen Wurde sich f\u00fcr eine Farbe entschieden, dann ist keine nachtr\u00e4gliche Ver\u00e4nderung mehr m\u00f6glich.<\/p>\n\n\n\n<div style=\"height:25px\" aria-hidden=\"true\" class=\"wp-block-spacer\"><\/div>\n\n\n\n<h2 class=\"has-text-align-center wp-block-heading\">Warum&#8230;<\/h2>\n\n\n\n<div style=\"height:25px\" aria-hidden=\"true\" class=\"wp-block-spacer\"><\/div>\n\n\n\n<div class=\"wp-block-columns are-vertically-aligned-center is-layout-flex wp-container-core-columns-is-layout-9d6595d7 wp-block-columns-is-layout-flex\">\n<div class=\"wp-block-column is-vertically-aligned-center is-layout-flow wp-block-column-is-layout-flow\">\n<p class=\"has-text-align-center\"><strong>Edelstahl <\/strong>ist nach wie vor das Material, das f\u00fcr hochwertige Uhren verwendet wird. Da wir den Anspruch haben unserer Zeitmesser zeitlos, wertig und robust zu konstruieren, durfte die <a href=\"https:\/\/jfcwatches.com\/?page_id=12\"><strong>Edelstahl-Version S1.1<\/strong><\/a> nicht fehlen. <\/p>\n<\/div>\n\n\n\n<div class=\"wp-block-column is-vertically-aligned-center is-layout-flow wp-block-column-is-layout-flow\">\n<div class=\"wp-block-image is-style-rounded\"><figure class=\"aligncenter size-large is-resized\"><img loading=\"lazy\" decoding=\"async\" src=\"https:\/\/jfcwatches.com\/wp-content\/uploads\/2022\/01\/JFC_S11-Top-Detail-1536x768-4-edited.jpg\" alt=\"\" class=\"wp-image-814\" width=\"400\" height=\"400\" srcset=\"https:\/\/jfcwatches.com\/wp-content\/uploads\/2022\/01\/JFC_S11-Top-Detail-1536x768-4-edited.jpg 768w, https:\/\/jfcwatches.com\/wp-content\/uploads\/2022\/01\/JFC_S11-Top-Detail-1536x768-4-edited-300x300.jpg 300w, https:\/\/jfcwatches.com\/wp-content\/uploads\/2022\/01\/JFC_S11-Top-Detail-1536x768-4-edited-150x150.jpg 150w, https:\/\/jfcwatches.com\/wp-content\/uploads\/2022\/01\/JFC_S11-Top-Detail-1536x768-4-edited-200x200.jpg 200w\" sizes=\"auto, (max-width: 400px) 100vw, 400px\" \/><\/figure><\/div>\n<\/div>\n<\/div>\n\n\n\n<div style=\"height:20px\" aria-hidden=\"true\" class=\"wp-block-spacer\"><\/div>\n\n\n\n<div class=\"wp-block-columns are-vertically-aligned-center is-layout-flex wp-container-core-columns-is-layout-9d6595d7 wp-block-columns-is-layout-flex\">\n<div class=\"wp-block-column is-vertically-aligned-center is-layout-flow wp-block-column-is-layout-flow\">\n<p class=\"has-text-align-center\"> Die <a href=\"https:\/\/jfcwatches.com\/?page_id=19\"><strong>Aluminium-Version V1.1<\/strong><\/a>   zeichnet sich durch extrem geringes Gewicht aus und kann in unterschiedlichsten Farbkombinationen produziert werden. <\/p>\n<\/div>\n\n\n\n<div class=\"wp-block-column is-vertically-aligned-center is-layout-flow wp-block-column-is-layout-flow\">\n<figure class=\"wp-block-image size-full is-resized is-style-rounded\"><img decoding=\"async\" src=\"https:\/\/jfcwatches.com\/wp-content\/uploads\/2022\/01\/JFC_Watches_-1-5-edited.jpg\" alt=\"\" class=\"wp-image-817\" width=\"400\" srcset=\"https:\/\/jfcwatches.com\/wp-content\/uploads\/2022\/01\/JFC_Watches_-1-5-edited.jpg 402w, https:\/\/jfcwatches.com\/wp-content\/uploads\/2022\/01\/JFC_Watches_-1-5-edited-300x300.jpg 300w, https:\/\/jfcwatches.com\/wp-content\/uploads\/2022\/01\/JFC_Watches_-1-5-edited-150x150.jpg 150w, https:\/\/jfcwatches.com\/wp-content\/uploads\/2022\/01\/JFC_Watches_-1-5-edited-201x200.jpg 201w\" sizes=\"(max-width: 402px) 100vw, 402px\" \/><\/figure>\n<\/div>\n<\/div>\n\n\n\n<h2 class=\"has-text-align-center wp-block-heading\">Denn&#8230;<\/h2>\n\n\n\n<p class=\"has-text-align-center\">meine Uhren sollen Wegbegleiter \u00fcber Jahre hinweg sein, nicht nur ein austauschbares Schmuckst\u00fcck. Sie soll genau zu ihrem Besitzer passen, wie die Gitarre zum Musiker oder das Motorrad zu seinem Fahrer geh\u00f6rt. Genau deshalb habe ich die optimale Uhr f\u00fcr besondere Menschen geschaffen.<\/p>\n\n\n\n<div style=\"height:25px\" aria-hidden=\"true\" class=\"wp-block-spacer\"><\/div>\n\n\n\n<h2 class=\"has-text-align-center wp-block-heading\">Du hast die Wahl<\/h2>\n\n\n\n<div class=\"wp-block-image is-style-rounded\"><figure class=\"aligncenter size-large\"><img decoding=\"async\" src=\"https:\/\/jfcwatches.com\/wp-content\/uploads\/2020\/04\/S11_Diving-1024x576.jpg\" alt=\"\" class=\"wp-image-358\"\/><\/figure><\/div>\n","protected":false},"excerpt":{"rendered":"<p>Mein Antrieb &#8211; Keine Grenzen Wie&#8230; soll eine Uhr konstruiert sein, welche Eigenschaften soll sie haben? Unterschiedliche Anforderungen und Bed\u00fcrfnisse, m\u00fcssen vom Uhrenhersteller optimal bedient werden. Es gibt Uhren die im Weltraum waren, andere Uhren werden f\u00fcr die Luftfahrt oder Taucheins\u00e4tze optimiert. Aber was ist bei der Vielzahl der Uhren &hellip;<\/p>\n","protected":false},"author":1,"featured_media":542,"parent":0,"menu_order":0,"comment_status":"closed","ping_status":"closed","template":"","meta":{"footnotes":""},"class_list":["post-411","page","type-page","status-publish","has-post-thumbnail","hentry"],"_links":{"self":[{"href":"https:\/\/jfcwatches.com\/index.php?rest_route=\/wp\/v2\/pages\/411","targetHints":{"allow":["GET"]}}],"collection":[{"href":"https:\/\/jfcwatches.com\/index.php?rest_route=\/wp\/v2\/pages"}],"about":[{"href":"https:\/\/jfcwatches.com\/index.php?rest_route=\/wp\/v2\/types\/page"}],"author":[{"embeddable":true,"href":"https:\/\/jfcwatches.com\/index.php?rest_route=\/wp\/v2\/users\/1"}],"replies":[{"embeddable":true,"href":"https:\/\/jfcwatches.com\/index.php?rest_route=%2Fwp%2Fv2%2Fcomments&post=411"}],"version-history":[{"count":43,"href":"https:\/\/jfcwatches.com\/index.php?rest_route=\/wp\/v2\/pages\/411\/revisions"}],"predecessor-version":[{"id":818,"href":"https:\/\/jfcwatches.com\/index.php?rest_route=\/wp\/v2\/pages\/411\/revisions\/818"}],"wp:featuredmedia":[{"embeddable":true,"href":"https:\/\/jfcwatches.com\/index.php?rest_route=\/wp\/v2\/media\/542"}],"wp:attachment":[{"href":"https:\/\/jfcwatches.com\/index.php?rest_route=%2Fwp%2Fv2%2Fmedia&parent=411"}],"curies":[{"name":"wp","href":"https:\/\/api.w.org\/{rel}","templated":true}]}}